{"id":1580,"date":"2025-11-28T11:16:40","date_gmt":"2025-11-28T10:16:40","guid":{"rendered":"https:\/\/www.stxbp1.it\/home\/?page_id=1580"},"modified":"2025-11-28T11:56:30","modified_gmt":"2025-11-28T10:56:30","slug":"bomboniere-solidali-stxbp1","status":"publish","type":"page","link":"https:\/\/www.stxbp1.it\/home\/index.php\/bomboniere-solidali-stxbp1\/","title":{"rendered":"Bomboniere solidali STXBP1"},"content":{"rendered":"\n<p>\u2728 Il tuo evento, un dolce gesto che fa la differenza! \u2728<\/p>\n\n\n\n<p>Scegli le nostre bomboniere: mini vasetti di miele locale del Delta del Po, un prodotto di altissima qualit\u00e0 e dal sapore inconfondibile. Ogni vasetto racchiude la bont\u00e0 di un territorio unico e un grande cuore, perch\u00e9 sostiene direttamente l&#8217;attivit\u00e0 dell&#8217;associazione STXBP1 Italia. Un regalo che nutre l&#8217;anima e il palato dei tuoi ospiti, trasformando il tuo giorno speciale in un atto di pura solidariet\u00e0.<\/p>\n\n\n\n<p>Per informazioni e preventivo scrivici su <a href=\"mailto:segreteria@stxbp1.it\">segreteria@stxbp1.it<\/a><\/p>\n\n\n\n<figure class=\"wp-block-gallery has-nested-images columns-default is-cropped wp-block-gallery-1 is-layout-flex wp-block-gallery-is-layout-flex\">\n<figure class=\"wp-block-image size-large\"><img loading=\"lazy\" decoding=\"async\" width=\"768\" height=\"1024\" data-id=\"1585\" src=\"https:\/\/www.stxbp1.it\/home\/wp-content\/uploads\/2025\/11\/WhatsApp-Image-2025-11-24-at-14.03.45-768x1024.jpeg\" alt=\"\" class=\"wp-image-1585\" srcset=\"https:\/\/www.stxbp1.it\/home\/wp-content\/uploads\/2025\/11\/WhatsApp-Image-2025-11-24-at-14.03.45-768x1024.jpeg 768w, https:\/\/www.stxbp1.it\/home\/wp-content\/uploads\/2025\/11\/WhatsApp-Image-2025-11-24-at-14.03.45-225x300.jpeg 225w, https:\/\/www.stxbp1.it\/home\/wp-content\/uploads\/2025\/11\/WhatsApp-Image-2025-11-24-at-14.03.45-1152x1536.jpeg 1152w, https:\/\/www.stxbp1.it\/home\/wp-content\/uploads\/2025\/11\/WhatsApp-Image-2025-11-24-at-14.03.45.jpeg 1200w\" sizes=\"auto, (max-width: 768px) 100vw, 768px\" \/><\/figure>\n\n\n\n<figure class=\"wp-block-image size-large\"><img loading=\"lazy\" decoding=\"async\" width=\"800\" height=\"1024\" data-id=\"1584\" src=\"https:\/\/www.stxbp1.it\/home\/wp-content\/uploads\/2025\/11\/WhatsApp-Image-2025-11-24-at-14.03.46-800x1024.jpeg\" alt=\"\" class=\"wp-image-1584\" srcset=\"https:\/\/www.stxbp1.it\/home\/wp-content\/uploads\/2025\/11\/WhatsApp-Image-2025-11-24-at-14.03.46-800x1024.jpeg 800w, https:\/\/www.stxbp1.it\/home\/wp-content\/uploads\/2025\/11\/WhatsApp-Image-2025-11-24-at-14.03.46-234x300.jpeg 234w, https:\/\/www.stxbp1.it\/home\/wp-content\/uploads\/2025\/11\/WhatsApp-Image-2025-11-24-at-14.03.46-768x983.jpeg 768w, https:\/\/www.stxbp1.it\/home\/wp-content\/uploads\/2025\/11\/WhatsApp-Image-2025-11-24-at-14.03.46-1200x1536.jpeg 1200w, https:\/\/www.stxbp1.it\/home\/wp-content\/uploads\/2025\/11\/WhatsApp-Image-2025-11-24-at-14.03.46.jpeg 1250w\" sizes=\"auto, (max-width: 800px) 100vw, 800px\" \/><\/figure>\n\n\n\n<figure class=\"wp-block-image size-large\"><img loading=\"lazy\" decoding=\"async\" width=\"768\" height=\"1024\" data-id=\"1583\" src=\"https:\/\/www.stxbp1.it\/home\/wp-content\/uploads\/2025\/11\/WhatsApp-Image-2025-11-24-at-14.03.45-1-768x1024.jpeg\" alt=\"\" class=\"wp-image-1583\" srcset=\"https:\/\/www.stxbp1.it\/home\/wp-content\/uploads\/2025\/11\/WhatsApp-Image-2025-11-24-at-14.03.45-1-768x1024.jpeg 768w, https:\/\/www.stxbp1.it\/home\/wp-content\/uploads\/2025\/11\/WhatsApp-Image-2025-11-24-at-14.03.45-1-225x300.jpeg 225w, https:\/\/www.stxbp1.it\/home\/wp-content\/uploads\/2025\/11\/WhatsApp-Image-2025-11-24-at-14.03.45-1-1152x1536.jpeg 1152w, https:\/\/www.stxbp1.it\/home\/wp-content\/uploads\/2025\/11\/WhatsApp-Image-2025-11-24-at-14.03.45-1.jpeg 1200w\" sizes=\"auto, (max-width: 768px) 100vw, 768px\" \/><\/figure>\n\n\n\n<figure class=\"wp-block-image size-large\"><img loading=\"lazy\" decoding=\"async\" width=\"768\" height=\"1024\" data-id=\"1582\" src=\"https:\/\/www.stxbp1.it\/home\/wp-content\/uploads\/2025\/11\/WhatsApp-Image-2025-11-24-at-14.03.47-768x1024.jpeg\" alt=\"\" class=\"wp-image-1582\" srcset=\"https:\/\/www.stxbp1.it\/home\/wp-content\/uploads\/2025\/11\/WhatsApp-Image-2025-11-24-at-14.03.47-768x1024.jpeg 768w, https:\/\/www.stxbp1.it\/home\/wp-content\/uploads\/2025\/11\/WhatsApp-Image-2025-11-24-at-14.03.47-225x300.jpeg 225w, https:\/\/www.stxbp1.it\/home\/wp-content\/uploads\/2025\/11\/WhatsApp-Image-2025-11-24-at-14.03.47-1152x1536.jpeg 1152w, https:\/\/www.stxbp1.it\/home\/wp-content\/uploads\/2025\/11\/WhatsApp-Image-2025-11-24-at-14.03.47.jpeg 1200w\" sizes=\"auto, (max-width: 768px) 100vw, 768px\" \/><\/figure>\n\n\n\n<figure class=\"wp-block-image size-large\"><img loading=\"lazy\" decoding=\"async\" width=\"1024\" height=\"576\" data-id=\"1581\" src=\"https:\/\/www.stxbp1.it\/home\/wp-content\/uploads\/2025\/11\/WhatsApp-Image-2025-11-24-at-14.03.49-1024x576.jpeg\" alt=\"\" class=\"wp-image-1581\" srcset=\"https:\/\/www.stxbp1.it\/home\/wp-content\/uploads\/2025\/11\/WhatsApp-Image-2025-11-24-at-14.03.49-1024x576.jpeg 1024w, https:\/\/www.stxbp1.it\/home\/wp-content\/uploads\/2025\/11\/WhatsApp-Image-2025-11-24-at-14.03.49-300x169.jpeg 300w, https:\/\/www.stxbp1.it\/home\/wp-content\/uploads\/2025\/11\/WhatsApp-Image-2025-11-24-at-14.03.49-768x432.jpeg 768w, https:\/\/www.stxbp1.it\/home\/wp-content\/uploads\/2025\/11\/WhatsApp-Image-2025-11-24-at-14.03.49-1536x864.jpeg 1536w, https:\/\/www.stxbp1.it\/home\/wp-content\/uploads\/2025\/11\/WhatsApp-Image-2025-11-24-at-14.03.49.jpeg 1600w\" sizes=\"auto, (max-width: 1024px) 100vw, 1024px\" \/><\/figure>\n<\/figure>\n\n\n\n<p><\/p>\n","protected":false},"excerpt":{"rendered":"<p>\u2728 Il tuo evento, un dolce gesto che fa la differenza! \u2728 Scegli le nostre bomboniere: mini vasetti di miele locale del Delta del Po, un prodotto di altissima qualit\u00e0 e dal sapore inconfondibile.&#46;&#46;&#46;<\/p>\n","protected":false},"author":1,"featured_media":0,"parent":0,"menu_order":0,"comment_status":"closed","ping_status":"closed","template":"","meta":{"_bbp_topic_count":0,"_bbp_reply_count":0,"_bbp_total_topic_count":0,"_bbp_total_reply_count":0,"_bbp_voice_count":0,"_bbp_anonymous_reply_count":0,"_bbp_topic_count_hidden":0,"_bbp_reply_count_hidden":0,"_bbp_forum_subforum_count":0,"footnotes":""},"categories":[],"tags":[],"class_list":["post-1580","page","type-page","status-publish","hentry"],"_links":{"self":[{"href":"https:\/\/www.stxbp1.it\/home\/index.php\/wp-json\/wp\/v2\/pages\/1580","targetHints":{"allow":["GET"]}}],"collection":[{"href":"https:\/\/www.stxbp1.it\/home\/index.php\/wp-json\/wp\/v2\/pages"}],"about":[{"href":"https:\/\/www.stxbp1.it\/home\/index.php\/wp-json\/wp\/v2\/types\/page"}],"author":[{"embeddable":true,"href":"https:\/\/www.stxbp1.it\/home\/index.php\/wp-json\/wp\/v2\/users\/1"}],"replies":[{"embeddable":true,"href":"https:\/\/www.stxbp1.it\/home\/index.php\/wp-json\/wp\/v2\/comments?post=1580"}],"version-history":[{"count":2,"href":"https:\/\/www.stxbp1.it\/home\/index.php\/wp-json\/wp\/v2\/pages\/1580\/revisions"}],"predecessor-version":[{"id":1601,"href":"https:\/\/www.stxbp1.it\/home\/index.php\/wp-json\/wp\/v2\/pages\/1580\/revisions\/1601"}],"wp:attachment":[{"href":"https:\/\/www.stxbp1.it\/home\/index.php\/wp-json\/wp\/v2\/media?parent=1580"}],"wp:term":[{"taxonomy":"category","embeddable":true,"href":"https:\/\/www.stxbp1.it\/home\/index.php\/wp-json\/wp\/v2\/categories?post=1580"},{"taxonomy":"post_tag","embeddable":true,"href":"https:\/\/www.stxbp1.it\/home\/index.php\/wp-json\/wp\/v2\/tags?post=1580"}],"curies":[{"name":"wp","href":"https:\/\/api.w.org\/{rel}","templated":true}]}}